at is 11 + (-1 - -1 - (-16 - (14 + -29)))?
12
What is the value of (0 - (-10 + 17)) + 20?
13
Calculate (6 - (-11 + 31)) + 18 + -3.
1
Evaluate -38 + 18 - -27 - (1 + 0).
6
Evaluate 0 - -4 - (1509 + -1496).
-9
28 - 21 - (6 + 1) - -7 - 2
5
Evaluate (7 - -13) + -67 + 59.
12
What is the value of 1 - -2 - (-1 + -4 + -13 + 20)?
1
52 + -43 + (1 - 0) + 0
10
0 - (-9 + 10 + 2 + -14)
11
Evaluate 30 - (3 + (31 - 15)).
11
What is the value of 5 + -20 + 2 + 29?
16
Evaluate 90 + -59 - (-3 - -17).
17
(13 - -36) + -14 + -2 + (-4 - -11)
40
Calculate (-2 + -5 - -12) + -1.
4
Calculate 5 + -26 + 16 + 2 + 1.
-2
Evaluate -9 + (7 - 15) + -6 + 5.
-18
Calculate -32 - -1 - (-8 + (-17 - (-14 - 3))).
-23
What is the value of (9 - 9) + 19 + -15?
4
What is the value of (20 - (58 + -17)) + 29?
8
(22 - -2 - (27 - 24)) + -8
13
What is 1 + 2 - (-23 + 39 - 16)?
3
What is -6 + 11 + 6 + (-3 - 9)?
-1
(-520 - -550) + (-2 - 41)
-13
-14 - (-13 - (0 - -4))
3
10 + 2 + (-36 - -14)
-10
Calculate -1 - (19 - -13 - 22).
-11
Evaluate -20 + 3 + 23 + -14 + -15.
-23
What is the value of 25 - (22 + -8 + -4)?
15
What is 97 - 64 - (11 - 3)?
25
What is 18 - ((29 - 16) + -14 + 10)?
9
Evaluate (-8 + 3 - -16 - 5) + (-1 - 13).
-8
What is the value of -5 - (13 - 23) - -3?
8
What is 3 + -4 + (-20 - (-40 + 24))?
-5
Calculate -26 - (17 - 26 - -12).
-29
What is the value of (-2 - 5) + (18 - 1) + -22?
-12
Calculate -6 - (-1 + (-5 - -26) + 0 + -6).
-20
(-4 - -8) + -12 - (-60 - -50)
2
What is the value of 7 - (2 + (11 - -5) + -21)?
10
Calculate 3 + 2 + -1 - (10 + 2 - 8).
0
-2 - (-3 + 7 + (30 - 11) + -2)
-23
What is the value of -35 + (-72 - -46 - -80)?
19
What is the value of (-2 - (-1 + -5 + 11)) + 31?
24
What is (-3 - -1) + (-4 - (10 + 14 + -15))?
-15
Calculate (49 - (52 - 3)) + 2 + 0.
2
Evaluate -17 + 17 + -6 - -2.
-4
Calculate 1 + (-4 - (-13 - 2) - -6).
18
-20 + 47 + (-8 - 20)
-1
What is the value of (-20 - -34) + (-17 - 16)?
-19
Evaluate 15 - (-3 - 3 - (-12 + 9)).
18
Evaluate (20 - 26) + 15 - (-8 + 2).
15
Evaluate (-68 - (-185 - -108)) + -1 + 9 + 1.
18
What is the value of -12 - (-4 - -15 - (-9 + 18))?
-14
Evaluate -3 - (-8 - 3) - (78 + -59).
-11
What is 5 + (-31 - ((-2 - -8) + -20))?
-12
Calculate (-7 - (5 - (14 - 7))) + 5 - 3.
-3
Evaluate 7 + 6 - (-23 - -26).
10
Calculate -1 - (15 + -39 + 10).
13
10 + (-4 - (-3 - -9)) + 2
2
What is 72 + (10 - 58) + (0 - 10)?
14
What is 6 + -8 - -4 - 7?
-5
-9 - 2 - (-12 - (-1 - 18) - 6)
-12
Evaluate 13 + 5 + -12 + 12.
18
What is the value of -9 - (-6 - -4 - -2) - (-51 + 14)?
28
What is -5 - 0 - 3 - (13 + -9)?
-12
Evaluate -19 - (-5 - (-10 + 5) - 9).
-10
-1 + -1 + -363 + 347
-18
12 + -5 + 0 - -4
11
What is the value of -4 + (7 + -2 - 10) + (1 - -9)?
1
Calculate (-16 - -25) + (12 + -10 - 7).
4
Calculate 1 + (3 - -1 - (5 + -3 + -2)).
5
What is the value of (-3 - (5 - -5)) + -1 + -10?
-24
Calculate 48 + -28 + 13 - 23.
10
Evaluate -5 + 1 + -1 - (-93 + (23 - -50)).
15
Evaluate -6 + -14 + 12 + -17.
-25
Evaluate -8 + -5 + (-15 + 4 - -25).
1
Evaluate 12 - 2 - (-16 + 7 + 9 - 7).
17
What is -1 - (-11 + 0) - (54 - 48 - 5)?
9
What is the value of -2 + (-12 - (9 + -21))?
-2
Evaluate -12 + (-5 - ((10 - 10) + 11)).
-28
Evaluate (-15 + 28 - (-8 - -18)) + -4.
-1
What is the value of 8 + 10 + (5 - 11)?
12
Evaluate 15 - (2 + 2) - (-37 + 26).
22
(10 - 5) + (-5 - -9 - 4)
5
Evaluate 12 + -14 + 9 - 2.
5
-6 + -2 + 17 - 15
-6
What is the value of -1 + -2 - (-4 + 4 + 4)?
-7
8 + -9 + (9 - -1) + 1 + -7
3
Calculate (-87 - -85) + (0 - 3) - (-19 + 2).
12
-3 - (-4 - 7) - ((-2 - 0) + 2)
8
What is (-22 - 1) + 183 + -167?
-7
Evaluate 4 + 0 + 0 - (7 - (0 - -12)).
9
What is 15 + -2 + -337 + 325?
1
-41 - (-22 + 10 + -1)
-28
Evaluate 6 - (-5 - -11) - (-1 - 6).
7
Calculate 6 - (5 + -7 + (0 - 4) + 7).
5
Calculate (24 - -1) + -1 + 1699 + -1711.
12
Evaluate 0 - -3 - ((15 - 1) + -14).
3
What is 23 + (-6 - (8 + -13 + -7) - 9)?
20
1 - 1 - (22 + 1 + -14)
-9
What is the value of 27 + -4 + -175 + 132?
-20
Evaluate (-8 - (-13 - -8) - (-1 + -2)) + -4.
-4
Evaluate (-8 - -17) + -3 + -13.
-7
-31 - (7 - 24) - -41
27
What is 12 + (-2 - (-1 - (10 + -3)) - 10)?
8
What is -14 - (7 + 4 + -35)?
10
Calculate (15 + 33 - 28) + -7.
13
Calculate 5 - ((4 - 12) + (-13 - -11)).
15
Evaluate 9 - 13 - (-10 + 13) - -3.
-4
Calculate -8 + 0 + (12 - 12) + 18.
10
What is the value of 3 - -1 - (5 - (-2 + -8))?
-11
Calculate -4 + (-9 - (-8 + 6)) + -5 + -1.
-17
What is -6 + (4 - 6) + 1 + 1?
-6
Calculate -11 + -1 - (349 - 353).
-8
(10 - -3) + -17 + -7
-11
Evaluate 8 - -5 - (-19 + 23).
9
What is (-2 - 7) + 15 + -27 + 10?
-11
Evaluate 1 - -3 - (14 + -16 + 2).
4
What is the value of 17 - (24 + -15) - -6?
14
Evaluate 23 - (3 - (16 - (14 + -4))).
26
Calculate -8 + -23 - (-15 - 8 - -21).
-29
Evaluate -58 - (-73 + 40) - -11.
-14
-2 - (16 + -6 - 6) - -3
-3
What is -4 + 3 - 0 - (-17 + 16) - -15?
15
Evaluate -35 + (99 - 29) - 45.
-10
Calculate (-7 - ((6 - 2) + -16)) + (0 - 4).
1
17 + -1 + (169 - 199)
-14
Evaluate -34 - 0 - (494 - 509).
-19
19 + (11 + 1 - 12) + -5
14
Evaluate 9 + 4 + (2 - 27) - -3 - -7.
-2
Calculate 20 - 0 - ((52 - 59) + -1 + -1).
29
Evaluate 0 + 20 + -8 + -5 + -15 + 3.
-5
Calculate -33 + (-43 - -99) - (-1 + 0).
24
Evaluate -2 + (14 - -9 - 11).
10
-18 + 18 - (-10 + (-3 - -11))
2
Calculate -7 - (-8 + 4 + -13).
10
What is the value of 11 - (-1 - ((7 - 7) + -7))?
5
Calculate -18 + 7 + 9 - (1 - (27 + -2)).
22
Calculate 3 + -10 - -4 - (-60 - -51).
6
-13 + -1 + (103 - 103)
-14
Calculate 3 + (7 + 13 - 16) + -10.
-3
What is the value of (0 - 5 - -19) + (29 + -10 - 12)?
21
What is 4 + -2 + (-3 - -3) + 14?
16
Evaluate 13 + -26 - (-10 - 8).
5
What is the value of (-2 - 4) + (2 - ((-1 - 7) + 1))?
3
Evaluate (-41 - -15) + 18 - (-9 + (3 - 2)).
0
What is the value of (-50 - -30) + -11 - (-12 - -2)?
-21
Evaluate -1 + 24 + (20 + -15 + 0 - -1).
29
(37 - 1 - 11) + -9
16
6 + -2 + -10 - (-1 + -12)
7
What is the value of -5 - (22 + (-15 - 1) - (-2 - -26))?
13
What is the value of 2 + (-33 - (-1 - 2 - -3 - 1))?
-30
Evaluate 23 + (-17 - (-11 + 2 + 4)).
11
4 + (4 - 6) + 2 + 11 + -27
-12
(32 - (-43 + 70)) + 1 + 12 + -2
16
(-12 - -18) + (6 - 7)
5
(16 - (53 + -17)) + 38
18
What is 0 + -3 + (-8 + -2 - -3)?
-10
What is (-8 + 0 + 4 + -3 - -1) + 6?
0
What is the value of 1 - ((9 - (-5 + 8)) + 3)?
-8
2 + (5 - 3) + -6 + -10 + 1
-11
Calculate -20 - -14 - (2 - 8) - (5 - 1).
-4
What is the value of 3 - 21 - (-30 + 19)?
-7
23 + -1 + 35 + -54
3
What is -2 - (2 + -2 + (90 - 93))?
1
1 + 3 + (-2 + -8 + 0 - -4)
-2
What is -18 + -11 + -1 - -2?
-28
0 + (-1 - 4) + 54 + -56
-7
What is the value of (-78 - -24) + 65 - (5 - (-2 + 4))?
8
8 + -5 + -7 - -12 - (2 + 3)
3
22 + 5 + -17 + -13
-3
What is the value of 4 - (3 - 0 - 21)?
22
Evaluate (5 + -2 - -37) + -14.
26
-21 - (-7 - -9) - (23 - 22)
-24
What is the value of -12 + -2 - (17 + -16 - 3)?
-12
What is the value of (-23 - 0 - -18) + -4 + -2?
-11
What is the value of 5 - (-12 - -9) - (1 + 2) - 31?
-26
Calculate 75 + -82 - (8 - 3 - (17 + -7)).
-2
What is 4 + (-6 + -4 + 18 - (22 + -16))?
6
What is -34 + -1 + 25 + 17?
7
Evaluate -19 - ((7 - -13) + -25).
-14
Evaluate 0 + 21 + (-37 + -25 - -66).
25
What is the value of (-18 - (-11 + 0)) + 31 - -4?
28
Evaluate 1 + 3 + (7 - 17) - 5.
-11
(-34 + 25 - 23) + 38
6
What is (18 - 0) + (27 - 58)?
-13
Calculate -16 + -15 + -2 + 125 + -125.
-33
Evaluate 2 - (14 - -14 - 32).
6
-13 - -5 - (-11 + -2 + -3)
8
What is the value of -12 + 30 + 13 + -8 + -6?
17
-94 + -5 + 54 - -15
-30
Evaluate -24 + (7 - -13) - 8.
-12
Calculate -6 + (17 - 0) + 1.
12
Evaluate 4 - -1 - (-9 - (-6 + 1) - -18).
-9
Calculate 7 + -1 + (17 - (19 - 16)) - 2.
18
Calculate (0 - -1) + -17 + (-4 + 4 - -9).
-7
What is (20 - 3) + -2 - (-21 + 24)?
12
What is the value of 1 + -8 - ((9 - 11) + -3)?
-2
Calculate 82 + -72 - (10 - -1) - 29.
-30
What is the value of (-15 - -13 - 17) + (0 - -4 - -4)?
-11
(-30 - -80) + -21 + -1 + -11
17
What is 5 - (-12 + 5 + -2) - 4?
10
What is 14 + 1 + (20 - (-2 - (-8 - 12)))?
17
Calculate 16 + 0 + (15 - -7) + -38.
0
What is -38 - (-57 - -20 - -10)?
-11
(-15 + 4 - (-6 + (1 - -5))) + 23
12
Calculate -9 + -2 + 36 + -77 + 44.
-8
Evaluate -18 + -109 + 107 + 3 + 2 + 1.
-14
Calculate -3 + 0 + (-5 - (-8 - 2)) + 0.
2
Evaluate 1 + 12 + -15 + 11 + -6.
3
What is the value of 58 + -68 - (-29 - -4)?
15
What is 11 + -12 + 0 + 11?
10
6 - 